CRAN Package Check Results for Package xtune

Last updated on 2022-01-21 08:52:20 CET.

Flavor Version Tinstall Tcheck Ttotal Status Flags
r-devel-linux-x86_64-debian-clang 0.1.0 8.58 119.13 127.71 NOTE
r-devel-linux-x86_64-debian-gcc 0.1.0 8.02 94.35 102.37 NOTE
r-devel-linux-x86_64-fedora-clang 0.1.0 164.93 OK
r-devel-linux-x86_64-fedora-gcc 0.1.0 142.41 OK
r-devel-windows-x86_64-new-UL 0.1.0 40.00 140.00 180.00 NOTE
r-devel-windows-x86_64-new-TK 0.1.0 OK
r-patched-linux-x86_64 0.1.0 13.10 116.02 129.12 NOTE
r-release-linux-x86_64 0.1.0 8.16 115.54 123.70 NOTE
r-release-macos-arm64 0.1.0 OK
r-release-macos-x86_64 0.1.0 OK
r-release-windows-ix86+x86_64 0.1.0 21.00 135.00 156.00 NOTE
r-oldrel-macos-x86_64 0.1.0 OK
r-oldrel-windows-ix86+x86_64 0.1.0 21.00 134.00 155.00 NOTE

Check Details

Version: 0.1.0
Check: package vignettes
Result: NOTE
    Package vignette with placeholder title 'Vignette Title':
     'vignette.Rmd'
Flavors: r-devel-linux-x86_64-debian-clang, r-devel-linux-x86_64-debian-gcc, r-devel-windows-x86_64-new-UL, r-patched-linux-x86_64, r-release-linux-x86_64, r-release-windows-ix86+x86_64, r-oldrel-windows-ix86+x86_64