CRAN Package Check Results for Package xspliner

Last updated on 2022-07-05 07:51:10 CEST.

Flavor Version Tinstall Tcheck Ttotal Status Flags
r-devel-linux-x86_64-debian-clang 0.0.4 3.56 234.31 237.87 NOTE
r-devel-linux-x86_64-debian-gcc 0.0.4 2.28 175.92 178.20 NOTE
r-devel-linux-x86_64-fedora-clang 0.0.4 245.17 NOTE
r-devel-linux-x86_64-fedora-gcc 0.0.4 316.40 NOTE
r-devel-windows-x86_64 0.0.4 37.00 320.00 357.00 NOTE
r-patched-linux-x86_64 0.0.4 3.24 233.72 236.96 NOTE
r-release-linux-x86_64 0.0.4 3.48 231.52 235.00 NOTE
r-release-macos-arm64 0.0.4 117.00 NOTE
r-release-macos-x86_64 0.0.4 181.00 NOTE
r-release-windows-x86_64 0.0.4 37.00 313.00 350.00 NOTE
r-oldrel-macos-arm64 0.0.4 192.00 NOTE
r-oldrel-macos-x86_64 0.0.4 204.00 NOTE
r-oldrel-windows-ix86+x86_64 0.0.4 9.00 340.00 349.00 NOTE

Check Details

Version: 0.0.4
Check: LazyData
Result: NOTE
     'LazyData' is specified without a 'data' directory
Flavors: r-devel-linux-x86_64-debian-clang, r-devel-linux-x86_64-debian-gcc, r-devel-linux-x86_64-fedora-clang, r-devel-linux-x86_64-fedora-gcc, r-devel-windows-x86_64, r-patched-linux-x86_64, r-release-linux-x86_64, r-release-macos-arm64, r-release-macos-x86_64, r-release-windows-x86_64, r-oldrel-macos-arm64, r-oldrel-macos-x86_64, r-oldrel-windows-ix86+x86_64