Last updated on 2022-06-30 07:50:26 CEST.
Flavor | Version | Tinstall | Tcheck | Ttotal | Status | Flags |
---|---|---|---|---|---|---|
r-devel-linux-x86_64-debian-clang | 1.3.3 | 13.33 | 43.21 | 56.54 | OK | |
r-devel-linux-x86_64-debian-gcc | 1.3.3 | 11.12 | 33.07 | 44.19 | OK | |
r-devel-linux-x86_64-fedora-clang | 1.3.3 | 93.39 | OK | |||
r-devel-linux-x86_64-fedora-gcc | 1.3.3 | 81.27 | OK | |||
r-devel-windows-x86_64 | 1.3.3 | 88.00 | 103.00 | 191.00 | OK | |
r-patched-linux-x86_64 | 1.3.3 | 14.61 | 42.27 | 56.88 | OK | |
r-release-linux-x86_64 | 1.3.3 | 13.45 | 41.54 | 54.99 | OK | |
r-release-macos-arm64 | 1.3.3 | 29.00 | OK | |||
r-release-macos-x86_64 | 1.3.3 | 41.00 | OK | |||
r-release-windows-x86_64 | 1.3.3 | 98.00 | 94.00 | 192.00 | OK | |
r-oldrel-macos-arm64 | 1.3.3 | 169.00 | NOTE | |||
r-oldrel-macos-x86_64 | 1.3.3 | 43.00 | NOTE | |||
r-oldrel-windows-ix86+x86_64 | 1.3.3 | 43.00 | 95.00 | 138.00 | NOTE |
Version: 1.3.3
Check: installed package size
Result: NOTE
installed size is 7.1Mb
sub-directories of 1Mb or more:
libs 6.7Mb
Flavors: r-oldrel-macos-arm64, r-oldrel-macos-x86_64, r-oldrel-windows-ix86+x86_64