CRAN Package Check Results for Package xfun

Last updated on 2022-01-22 06:49:10 CET.

Flavor Version Tinstall Tcheck Ttotal Status Flags
r-devel-linux-x86_64-debian-clang 0.29 5.74 59.76 65.50 OK
r-devel-linux-x86_64-debian-gcc 0.29 5.17 45.72 50.89 OK
r-devel-linux-x86_64-fedora-clang 0.29 87.21 OK
r-devel-linux-x86_64-fedora-gcc 0.29 68.76 OK
r-devel-windows-x86_64-new-UL 0.29 18.00 7.00 25.00 ERROR
r-devel-windows-x86_64-new-TK 0.29 OK
r-patched-linux-x86_64 0.29 6.35 57.17 63.52 OK
r-release-linux-x86_64 0.29 6.31 56.86 63.17 OK
r-release-macos-arm64 0.29 OK
r-release-macos-x86_64 0.29 OK
r-release-windows-ix86+x86_64 0.29 15.00 108.00 123.00 OK
r-oldrel-macos-x86_64 0.29 NOTE
r-oldrel-windows-ix86+x86_64 0.29 16.00 104.00 120.00 NOTE

Check Details

Version: 0.29
Check: whether package can be installed
Result: ERROR
    Installation failed.
Flavor: r-devel-windows-x86_64-new-UL

Version: 0.29
Check: R code for possible problems
Result: NOTE
    github_releases: no visible global function definition for ‘gregexec’
    Undefined global functions or variables:
     gregexec
Flavors: r-oldrel-macos-x86_64, r-oldrel-windows-ix86+x86_64