CRAN Package Check Results for Package wv

Last updated on 2022-01-29 06:49:53 CET.

Flavor Version Tinstall Tcheck Ttotal Status Flags
r-devel-linux-x86_64-debian-clang 0.1.1 166.65 52.81 219.46 OK
r-devel-linux-x86_64-debian-gcc 0.1.1 118.55 40.16 158.71 OK
r-devel-linux-x86_64-fedora-clang 0.1.1 336.25 NOTE
r-devel-linux-x86_64-fedora-gcc 0.1.1 293.53 NOTE
r-devel-windows-x86_64-new-UL 0.1.1 177.00 106.00 283.00 OK
r-devel-windows-x86_64-new-TK 0.1.1 NOTE
r-patched-linux-x86_64 0.1.1 143.33 50.81 194.14 OK
r-release-linux-x86_64 0.1.1 110.67 49.93 160.60 OK
r-release-macos-arm64 0.1.1 NOTE
r-release-macos-x86_64 0.1.1 NOTE
r-release-windows-ix86+x86_64 0.1.1 416.00 93.00 509.00 OK
r-oldrel-macos-x86_64 0.1.1 NOTE
r-oldrel-windows-ix86+x86_64 0.1.1 419.00 91.00 510.00 OK

Check Details

Version: 0.1.1
Check: installed package size
Result: NOTE
     installed size is 7.6Mb
     sub-directories of 1Mb or more:
     help 1.6Mb
     libs 5.8Mb
Flavors: r-devel-linux-x86_64-fedora-clang, r-release-macos-arm64, r-release-macos-x86_64, r-oldrel-macos-x86_64

Version: 0.1.1
Check: dependencies in R code
Result: NOTE
    Namespace in Imports field not imported from: ‘simts’
     All declared Imports should be used.
Flavors: r-devel-linux-x86_64-fedora-clang, r-devel-linux-x86_64-fedora-gcc, r-devel-windows-x86_64-new-TK, r-release-macos-arm64, r-release-macos-x86_64, r-oldrel-macos-x86_64