CRAN Package Check Results for Package wrassp

Last updated on 2022-01-23 07:14:18 CET.

Flavor Version Tinstall Tcheck Ttotal Status Flags
r-devel-linux-x86_64-debian-clang 1.0.1 22.88 69.55 92.43 OK
r-devel-linux-x86_64-debian-gcc 1.0.1 17.39 55.95 73.34 OK
r-devel-linux-x86_64-fedora-clang 1.0.1 112.50 OK
r-devel-linux-x86_64-fedora-gcc 1.0.1 97.49 OK
r-devel-windows-x86_64-new-UL 1.0.1 92.00 114.00 206.00 WARN
r-devel-windows-x86_64-new-TK 1.0.1 OK
r-patched-linux-x86_64 1.0.1 19.18 66.76 85.94 OK
r-release-linux-x86_64 1.0.1 17.65 67.02 84.67 OK
r-release-macos-arm64 1.0.1 OK
r-release-macos-x86_64 1.0.1 OK
r-release-windows-ix86+x86_64 1.0.1 74.00 125.00 199.00 OK
r-oldrel-macos-x86_64 1.0.1 OK
r-oldrel-windows-ix86+x86_64 1.0.1 74.00 120.00 194.00 OK

Check Details

Version: 1.0.1
Check: whether package can be installed
Result: WARN
    Found the following significant warnings:
     assp/asspfio.c:678:34: warning: ISO C does not support the 'I' printf flag [-Wformat=]
     assp/asspfio.c:684:33: warning: ISO C does not support the 'I' printf flag [-Wformat=]
     assp/asspfio.c:710:33: warning: ISO C does not support the 'I' printf flag [-Wformat=]
     assp/asspfio.c:716:33: warning: ISO C does not support the 'I' printf flag [-Wformat=]
Flavor: r-devel-windows-x86_64-new-UL