Last updated on 2022-06-29 07:51:36 CEST.
Flavor | Version | Tinstall | Tcheck | Ttotal | Status | Flags |
---|---|---|---|---|---|---|
r-devel-linux-x86_64-debian-clang | 1.1-1 | 2.62 | 46.82 | 49.44 | OK | |
r-devel-linux-x86_64-debian-gcc | 1.1-1 | 2.27 | 36.76 | 39.03 | OK | |
r-devel-linux-x86_64-fedora-clang | 1.1-1 | 67.89 | NOTE | |||
r-devel-linux-x86_64-fedora-gcc | 1.1-1 | 67.50 | OK | |||
r-devel-windows-x86_64 | 1.1-1 | 36.00 | 90.00 | 126.00 | NOTE | |
r-patched-linux-x86_64 | 1.1-1 | 3.18 | 45.38 | 48.56 | OK | |
r-release-linux-x86_64 | 1.1-1 | 3.33 | 44.74 | 48.07 | OK | |
r-release-macos-arm64 | 1.1-1 | 24.00 | NOTE | |||
r-release-macos-x86_64 | 1.1-1 | 42.00 | NOTE | |||
r-release-windows-x86_64 | 1.1-1 | 31.00 | 80.00 | 111.00 | NOTE | |
r-oldrel-macos-arm64 | 1.1-1 | 32.00 | NOTE | |||
r-oldrel-macos-x86_64 | 1.1-1 | 46.00 | NOTE | |||
r-oldrel-windows-ix86+x86_64 | 1.1-1 | 8.00 | 67.00 | 75.00 | NOTE |
Version: 1.1-1
Check: installed package size
Result: NOTE
installed size is 11.4Mb
sub-directories of 1Mb or more:
data 11.3Mb
Flavors: r-devel-linux-x86_64-fedora-clang, r-devel-windows-x86_64, r-release-macos-arm64, r-release-macos-x86_64, r-release-windows-x86_64, r-oldrel-macos-arm64, r-oldrel-macos-x86_64, r-oldrel-windows-ix86+x86_64