Last updated on 2022-07-02 07:56:31 CEST.
Flavor | Version | Tinstall | Tcheck | Ttotal | Status | Flags |
---|---|---|---|---|---|---|
r-devel-linux-x86_64-debian-clang | 1.2-3 | 3.66 | 58.88 | 62.54 | OK | |
r-devel-linux-x86_64-debian-gcc | 1.2-3 | 2.91 | 45.09 | 48.00 | OK | |
r-devel-linux-x86_64-fedora-clang | 1.2-3 | 82.08 | NOTE | |||
r-devel-linux-x86_64-fedora-gcc | 1.2-3 | 79.04 | OK | |||
r-devel-windows-x86_64 | 1.2-3 | 33.00 | 96.00 | 129.00 | NOTE | |
r-patched-linux-x86_64 | 1.2-3 | 3.35 | 56.80 | 60.15 | OK | |
r-release-linux-x86_64 | 1.2-3 | 3.15 | 56.39 | 59.54 | OK | |
r-release-macos-arm64 | 1.2-3 | 27.00 | NOTE | |||
r-release-macos-x86_64 | 1.2-3 | 44.00 | NOTE | |||
r-release-windows-x86_64 | 1.2-3 | 38.00 | 97.00 | 135.00 | NOTE | |
r-oldrel-macos-arm64 | 1.2-3 | 76.00 | NOTE | |||
r-oldrel-macos-x86_64 | 1.2-3 | 135.00 | NOTE | |||
r-oldrel-windows-ix86+x86_64 | 1.2-3 | 9.00 | 78.00 | 87.00 | NOTE |
Version: 1.2-3
Check: installed package size
Result: NOTE
installed size is 11.6Mb
sub-directories of 1Mb or more:
data 11.4Mb
Flavors: r-devel-linux-x86_64-fedora-clang, r-devel-windows-x86_64, r-release-macos-arm64, r-release-macos-x86_64, r-release-windows-x86_64, r-oldrel-macos-arm64, r-oldrel-macos-x86_64, r-oldrel-windows-ix86+x86_64