Last updated on 2022-07-02 07:56:31 CEST.
Flavor | Version | Tinstall | Tcheck | Ttotal | Status | Flags |
---|---|---|---|---|---|---|
r-devel-linux-x86_64-debian-clang | 1.1-2 | 3.74 | 44.27 | 48.01 | OK | |
r-devel-linux-x86_64-debian-gcc | 1.1-2 | 2.27 | 34.49 | 36.76 | OK | |
r-devel-linux-x86_64-fedora-clang | 1.1-2 | 66.13 | NOTE | |||
r-devel-linux-x86_64-fedora-gcc | 1.1-2 | 65.93 | OK | |||
r-devel-windows-x86_64 | 1.1-2 | 32.00 | 81.00 | 113.00 | NOTE | |
r-patched-linux-x86_64 | 1.1-2 | 2.95 | 42.75 | 45.70 | OK | |
r-release-linux-x86_64 | 1.1-2 | 3.34 | 41.91 | 45.25 | OK | |
r-release-macos-arm64 | 1.1-2 | 25.00 | NOTE | |||
r-release-macos-x86_64 | 1.1-2 | 36.00 | NOTE | |||
r-release-windows-x86_64 | 1.1-2 | 30.00 | 87.00 | 117.00 | NOTE | |
r-oldrel-macos-arm64 | 1.1-2 | 29.00 | NOTE | |||
r-oldrel-macos-x86_64 | 1.1-2 | 44.00 | NOTE | |||
r-oldrel-windows-ix86+x86_64 | 1.1-2 | 10.00 | 68.00 | 78.00 | NOTE |
Version: 1.1-2
Check: installed package size
Result: NOTE
installed size is 11.4Mb
sub-directories of 1Mb or more:
data 11.2Mb
Flavors: r-devel-linux-x86_64-fedora-clang, r-devel-windows-x86_64, r-release-macos-arm64, r-release-macos-x86_64, r-release-windows-x86_64, r-oldrel-macos-arm64, r-oldrel-macos-x86_64, r-oldrel-windows-ix86+x86_64