CRAN Package Check Results for Package wordcloud2

Last updated on 2022-07-03 07:52:09 CEST.

Flavor Version Tinstall Tcheck Ttotal Status Flags
r-devel-linux-x86_64-debian-clang 0.2.1 3.15 33.82 36.97 OK
r-devel-linux-x86_64-debian-gcc 0.2.1 2.29 26.16 28.45 OK
r-devel-linux-x86_64-fedora-clang 0.2.1 54.81 NOTE
r-devel-linux-x86_64-fedora-gcc 0.2.1 53.26 NOTE
r-devel-windows-x86_64 0.2.1 35.00 64.00 99.00 OK
r-patched-linux-x86_64 0.2.1 3.51 32.03 35.54 OK
r-release-linux-x86_64 0.2.1 2.78 32.22 35.00 OK
r-release-macos-arm64 0.2.1 21.00 NOTE
r-release-macos-x86_64 0.2.1 28.00 NOTE
r-release-windows-x86_64 0.2.1 21.00 65.00 86.00 OK
r-oldrel-macos-arm64 0.2.1 42.00 NOTE
r-oldrel-macos-x86_64 0.2.1 29.00 NOTE
r-oldrel-windows-ix86+x86_64 0.2.1 8.00 53.00 61.00 OK

Check Details

Version: 0.2.1
Check: data for non-ASCII characters
Result: NOTE
     Note: found 933 marked UTF-8 strings
Flavors: r-devel-linux-x86_64-fedora-clang, r-devel-linux-x86_64-fedora-gcc, r-release-macos-arm64, r-release-macos-x86_64, r-oldrel-macos-arm64, r-oldrel-macos-x86_64