Last updated on 2022-05-22 07:53:28 CEST.
Flavor | Version | Tinstall | Tcheck | Ttotal | Status | Flags |
---|---|---|---|---|---|---|
r-devel-linux-x86_64-debian-clang | 2.6 | 20.07 | 44.10 | 64.17 | OK | |
r-devel-linux-x86_64-debian-gcc | 2.6 | 15.35 | 34.28 | 49.63 | OK | |
r-devel-linux-x86_64-fedora-clang | 2.6 | 84.05 | NOTE | |||
r-devel-linux-x86_64-fedora-gcc | 2.6 | 77.94 | NOTE | |||
r-devel-windows-x86_64 | 2.6 | 26.00 | 78.00 | 104.00 | OK | |
r-patched-linux-x86_64 | 2.6 | 17.93 | 41.87 | 59.80 | OK | |
r-release-linux-x86_64 | 2.6 | 16.90 | 42.15 | 59.05 | OK | |
r-release-macos-arm64 | 2.6 | 26.00 | NOTE | |||
r-release-macos-x86_64 | 2.6 | 36.00 | NOTE | |||
r-release-windows-x86_64 | 2.6 | 26.00 | 80.00 | 106.00 | OK | |
r-oldrel-macos-arm64 | 2.6 | 32.00 | NOTE | |||
r-oldrel-macos-x86_64 | 2.6 | 48.00 | NOTE | |||
r-oldrel-windows-ix86+x86_64 | 2.6 | 52.00 | 80.00 | 132.00 | OK |
Version: 2.6
Check: data for non-ASCII characters
Result: NOTE
Note: found 2 marked UTF-8 strings
Flavors: r-devel-linux-x86_64-fedora-clang, r-devel-linux-x86_64-fedora-gcc, r-release-macos-arm64, r-release-macos-x86_64, r-oldrel-macos-arm64, r-oldrel-macos-x86_64