CRAN Package Check Results for Package webdriver

Last updated on 2022-05-17 07:53:20 CEST.

Flavor Version Tinstall Tcheck Ttotal Status Flags
r-devel-linux-x86_64-debian-clang 1.0.6 5.02 41.87 46.89 NOTE
r-devel-linux-x86_64-debian-gcc 1.0.6 4.93 32.22 37.15 NOTE
r-devel-linux-x86_64-fedora-clang 1.0.6 57.90 NOTE
r-devel-linux-x86_64-fedora-gcc 1.0.6 56.48 NOTE
r-devel-windows-x86_64 1.0.6 46.00 66.00 112.00 NOTE
r-patched-linux-x86_64 1.0.6 7.10 40.30 47.40 NOTE
r-release-linux-x86_64 1.0.6 5.03 40.48 45.51 NOTE
r-release-macos-arm64 1.0.6 21.00 NOTE
r-release-macos-x86_64 1.0.6 27.00 NOTE
r-release-windows-x86_64 1.0.6 63.00 62.00 125.00 NOTE
r-oldrel-macos-arm64 1.0.6 25.00 NOTE
r-oldrel-macos-x86_64 1.0.6 29.00 NOTE
r-oldrel-windows-ix86+x86_64 1.0.6 11.00 49.00 60.00 NOTE

Check Details

Version: 1.0.6
Check: LazyData
Result: NOTE
     'LazyData' is specified without a 'data' directory
Flavors: r-devel-linux-x86_64-debian-clang, r-devel-linux-x86_64-debian-gcc, r-devel-linux-x86_64-fedora-clang, r-devel-linux-x86_64-fedora-gcc, r-devel-windows-x86_64, r-patched-linux-x86_64, r-release-linux-x86_64, r-release-macos-arm64, r-release-macos-x86_64, r-release-windows-x86_64, r-oldrel-macos-arm64, r-oldrel-macos-x86_64, r-oldrel-windows-ix86+x86_64