CRAN Package Check Results for Package waydown

Last updated on 2022-01-23 07:14:18 CET.

Flavor Version Tinstall Tcheck Ttotal Status Flags
r-devel-linux-x86_64-debian-clang 1.1.0 1.79 256.90 258.69 NOTE
r-devel-linux-x86_64-debian-gcc 1.1.0 1.96 182.15 184.11 NOTE
r-devel-linux-x86_64-fedora-clang 1.1.0 293.26 NOTE
r-devel-linux-x86_64-fedora-gcc 1.1.0 277.99 NOTE
r-devel-windows-x86_64-new-UL 1.1.0 20.00 298.00 318.00 NOTE
r-devel-windows-x86_64-new-TK 1.1.0 NOTE
r-patched-linux-x86_64 1.1.0 1.71 228.77 230.48 NOTE
r-release-linux-x86_64 1.1.0 2.01 225.82 227.83 NOTE
r-release-macos-arm64 1.1.0 NOTE
r-release-macos-x86_64 1.1.0 NOTE
r-release-windows-ix86+x86_64 1.1.0 7.00 264.00 271.00 NOTE
r-oldrel-macos-x86_64 1.1.0 OK
r-oldrel-windows-ix86+x86_64 1.1.0 6.00 272.00 278.00 OK

Check Details

Version: 1.1.0
Check: LazyData
Result: NOTE
     'LazyData' is specified without a 'data' directory
Flavors: r-devel-linux-x86_64-debian-clang, r-devel-linux-x86_64-debian-gcc, r-devel-linux-x86_64-fedora-clang, r-devel-linux-x86_64-fedora-gcc, r-devel-windows-x86_64-new-UL, r-devel-windows-x86_64-new-TK, r-patched-linux-x86_64, r-release-linux-x86_64, r-release-macos-arm64, r-release-macos-x86_64, r-release-windows-ix86+x86_64