CRAN Package Check Results for Package waterfalls

Last updated on 2022-07-04 07:49:10 CEST.

Flavor Version Tinstall Tcheck Ttotal Status Flags
r-devel-linux-x86_64-debian-clang 0.1.2 1.86 24.80 26.66 NOTE
r-devel-linux-x86_64-debian-gcc 0.1.2 1.76 19.51 21.27 NOTE
r-devel-linux-x86_64-fedora-clang 0.1.2 43.47 NOTE
r-devel-linux-x86_64-fedora-gcc 0.1.2 42.67 NOTE
r-devel-windows-x86_64 0.1.2 15.00 53.00 68.00 NOTE
r-patched-linux-x86_64 0.1.2 2.30 24.34 26.64 NOTE
r-release-linux-x86_64 0.1.2 2.08 24.08 26.16 NOTE
r-release-macos-arm64 0.1.2 16.00 NOTE
r-release-macos-x86_64 0.1.2 25.00 NOTE
r-release-windows-x86_64 0.1.2 7.00 56.00 63.00 NOTE
r-oldrel-macos-arm64 0.1.2 17.00 NOTE
r-oldrel-macos-x86_64 0.1.2 23.00 NOTE
r-oldrel-windows-ix86+x86_64 0.1.2 5.00 43.00 48.00 NOTE

Check Details

Version: 0.1.2
Check: LazyData
Result: NOTE
     'LazyData' is specified without a 'data' directory
Flavors: r-devel-linux-x86_64-debian-clang, r-devel-linux-x86_64-debian-gcc, r-devel-linux-x86_64-fedora-clang, r-devel-linux-x86_64-fedora-gcc, r-devel-windows-x86_64, r-patched-linux-x86_64, r-release-linux-x86_64, r-release-macos-arm64, r-release-macos-x86_64, r-release-windows-x86_64, r-oldrel-macos-arm64, r-oldrel-macos-x86_64, r-oldrel-windows-ix86+x86_64