CRAN Package Check Results for Package wal

Last updated on 2022-08-14 07:54:52 CEST.

Flavor Version Tinstall Tcheck Ttotal Status Flags
r-devel-linux-x86_64-debian-clang 0.1.0 4.50 69.16 73.66 NOTE
r-devel-linux-x86_64-debian-gcc 0.1.0 4.13 51.75 55.88 NOTE
r-devel-linux-x86_64-fedora-clang 0.1.0 98.08 NOTE
r-devel-linux-x86_64-fedora-gcc 0.1.0 97.50 NOTE
r-devel-windows-x86_64 0.1.0 28.00 102.00 130.00 NOTE
r-patched-linux-x86_64 0.1.0 6.01 65.72 71.73 NOTE
r-release-linux-x86_64 0.1.0 5.56 67.37 72.93 NOTE
r-release-macos-arm64 0.1.0 22.00 NOTE
r-release-macos-x86_64 0.1.0 41.00 NOTE
r-release-windows-x86_64 0.1.0 28.00 102.00 130.00 NOTE
r-oldrel-macos-arm64 0.1.0 35.00 NOTE
r-oldrel-macos-x86_64 0.1.0 54.00 NOTE
r-oldrel-windows-ix86+x86_64 0.1.0 12.00 92.00 104.00 NOTE

Check Details

Version: 0.1.0
Check: LazyData
Result: NOTE
     'LazyData' is specified without a 'data' directory
Flavors: r-devel-linux-x86_64-debian-clang, r-devel-linux-x86_64-debian-gcc, r-devel-linux-x86_64-fedora-clang, r-devel-linux-x86_64-fedora-gcc, r-devel-windows-x86_64, r-patched-linux-x86_64, r-release-linux-x86_64, r-release-macos-arm64, r-release-macos-x86_64, r-release-windows-x86_64, r-oldrel-macos-arm64, r-oldrel-macos-x86_64, r-oldrel-windows-ix86+x86_64