CRAN Package Check Results for Package vstsr

Last updated on 2022-08-14 07:54:52 CEST.

Flavor Version Tinstall Tcheck Ttotal Status Flags
r-devel-linux-x86_64-debian-clang 1.1.0 2.81 25.13 27.94 OK
r-devel-linux-x86_64-debian-gcc 1.1.0 2.76 19.77 22.53 OK
r-devel-linux-x86_64-fedora-clang 1.1.0 48.53 NOTE
r-devel-linux-x86_64-fedora-gcc 1.1.0 44.39 NOTE
r-devel-windows-x86_64 1.1.0 10.00 53.00 63.00 OK
r-patched-linux-x86_64 1.1.0 3.93 24.41 28.34 OK
r-release-linux-x86_64 1.1.0 3.51 24.47 27.98 OK
r-release-macos-arm64 1.1.0 15.00 NOTE
r-release-macos-x86_64 1.1.0 22.00 NOTE
r-release-windows-x86_64 1.1.0 12.00 50.00 62.00 OK
r-oldrel-macos-arm64 1.1.0 20.00 NOTE
r-oldrel-macos-x86_64 1.1.0 24.00 NOTE
r-oldrel-windows-ix86+x86_64 1.1.0 7.00 44.00 51.00 OK

Check Details

Version: 1.1.0
Check: dependencies in R code
Result: NOTE
    Namespace in Imports field not imported from: ‘R6’
     All declared Imports should be used.
Flavors: r-devel-linux-x86_64-fedora-clang, r-devel-linux-x86_64-fedora-gcc, r-release-macos-arm64, r-release-macos-x86_64, r-oldrel-macos-arm64, r-oldrel-macos-x86_64