Last updated on 2022-07-04 07:49:10 CEST.
Flavor | Version | Tinstall | Tcheck | Ttotal | Status | Flags |
---|---|---|---|---|---|---|
r-devel-linux-x86_64-debian-clang | 0.1.0 | 10.97 | 102.60 | 113.57 | OK | |
r-devel-linux-x86_64-debian-gcc | 0.1.0 | 8.49 | 76.12 | 84.61 | OK | |
r-devel-linux-x86_64-fedora-clang | 0.1.0 | 144.50 | NOTE | |||
r-devel-linux-x86_64-fedora-gcc | 0.1.0 | 143.76 | NOTE | |||
r-devel-windows-x86_64 | 0.1.0 | 14.00 | 117.00 | 131.00 | OK | |
r-patched-linux-x86_64 | 0.1.0 | 17.86 | 96.65 | 114.51 | OK | |
r-release-linux-x86_64 | 0.1.0 | 11.13 | 95.68 | 106.81 | OK | |
r-release-macos-arm64 | 0.1.0 | 38.00 | NOTE | |||
r-release-macos-x86_64 | 0.1.0 | 68.00 | NOTE | |||
r-release-windows-x86_64 | 0.1.0 | 18.00 | 119.00 | 137.00 | OK | |
r-oldrel-macos-arm64 | 0.1.0 | 39.00 | NOTE | |||
r-oldrel-macos-x86_64 | 0.1.0 | 75.00 | NOTE | |||
r-oldrel-windows-ix86+x86_64 | 0.1.0 | 28.00 | 115.00 | 143.00 | OK |
Version: 0.1.0
Check: dependencies in R code
Result: NOTE
Namespace in Imports field not imported from: ‘flexsurv’
All declared Imports should be used.
Flavors: r-devel-linux-x86_64-fedora-clang, r-devel-linux-x86_64-fedora-gcc, r-release-macos-arm64, r-release-macos-x86_64, r-oldrel-macos-arm64, r-oldrel-macos-x86_64