CRAN Package Check Results for Package vprr

Last updated on 2022-05-20 07:49:34 CEST.

Flavor Version Tinstall Tcheck Ttotal Status Flags
r-devel-linux-x86_64-debian-clang 0.1.0 19.99 121.42 141.41 OK
r-devel-linux-x86_64-debian-gcc 0.1.0 14.43 91.33 105.76 OK
r-devel-linux-x86_64-fedora-clang 0.1.0 160.10 NOTE
r-devel-linux-x86_64-fedora-gcc 0.1.0 146.28 NOTE
r-devel-windows-x86_64 0.1.0 190.00 143.00 333.00 NOTE
r-patched-linux-x86_64 0.1.0 23.27 112.98 136.25 OK
r-release-linux-x86_64 0.1.0 15.80 114.46 130.26 OK
r-release-macos-arm64 0.1.0 52.00 NOTE
r-release-macos-x86_64 0.1.0 80.00 NOTE
r-release-windows-x86_64 0.1.0 187.00 143.00 330.00 NOTE
r-oldrel-macos-arm64 0.1.0 55.00 NOTE
r-oldrel-macos-x86_64 0.1.0 95.00 NOTE
r-oldrel-windows-ix86+x86_64 0.1.0 41.00 135.00 176.00 NOTE

Check Details

Version: 0.1.0
Check: installed package size
Result: NOTE
     installed size is 9.4Mb
     sub-directories of 1Mb or more:
     extdata 8.6Mb
Flavors: r-devel-linux-x86_64-fedora-clang, r-devel-windows-x86_64, r-release-macos-arm64, r-release-macos-x86_64, r-release-windows-x86_64, r-oldrel-macos-arm64, r-oldrel-macos-x86_64, r-oldrel-windows-ix86+x86_64

Version: 0.1.0
Check: dependencies in R code
Result: NOTE
    Namespace in Imports field not imported from: ‘usethis’
     All declared Imports should be used.
Flavors: r-devel-linux-x86_64-fedora-clang, r-devel-linux-x86_64-fedora-gcc, r-release-macos-arm64, r-release-macos-x86_64, r-oldrel-macos-arm64, r-oldrel-macos-x86_64