Last updated on 2022-08-11 07:51:59 CEST.
Flavor | Version | Tinstall | Tcheck | Ttotal | Status | Flags |
---|---|---|---|---|---|---|
r-devel-linux-x86_64-debian-clang | 0.8.1 | 9.19 | 87.06 | 96.25 | OK | |
r-devel-linux-x86_64-debian-gcc | 0.8.1 | 7.15 | 66.63 | 73.78 | OK | |
r-devel-linux-x86_64-fedora-clang | 0.8.1 | 124.53 | NOTE | |||
r-devel-linux-x86_64-fedora-gcc | 0.8.1 | 121.22 | NOTE | |||
r-devel-windows-x86_64 | 0.8.1 | 13.00 | 114.00 | 127.00 | OK | |
r-patched-linux-x86_64 | 0.8.1 | 7.14 | 83.40 | 90.54 | OK | |
r-release-linux-x86_64 | 0.8.1 | OK | ||||
r-release-macos-arm64 | 0.8.1 | 41.00 | NOTE | |||
r-release-macos-x86_64 | 0.8.1 | 56.00 | NOTE | |||
r-release-windows-x86_64 | 0.8.1 | 16.00 | 118.00 | 134.00 | OK | |
r-oldrel-macos-arm64 | 0.8.1 | 44.00 | NOTE | |||
r-oldrel-macos-x86_64 | 0.8.1 | 76.00 | NOTE | |||
r-oldrel-windows-ix86+x86_64 | 0.8.1 | 18.00 | 103.00 | 121.00 | OK |
Version: 0.8.1
Check: dependencies in R code
Result: NOTE
Namespace in Imports field not imported from: ‘rpart’
All declared Imports should be used.
Flavors: r-devel-linux-x86_64-fedora-clang, r-devel-linux-x86_64-fedora-gcc, r-release-macos-arm64, r-release-macos-x86_64, r-oldrel-macos-arm64, r-oldrel-macos-x86_64