Last updated on 2022-05-27 07:50:19 CEST.
Flavor | Version | Tinstall | Tcheck | Ttotal | Status | Flags |
---|---|---|---|---|---|---|
r-devel-linux-x86_64-debian-clang | 0.2.0 | 4.89 | 146.76 | 151.65 | OK | |
r-devel-linux-x86_64-debian-gcc | 0.2.0 | 3.99 | 109.94 | 113.93 | OK | |
r-devel-linux-x86_64-fedora-clang | 0.2.0 | 180.82 | NOTE | |||
r-devel-linux-x86_64-fedora-gcc | 0.2.0 | 178.37 | NOTE | |||
r-devel-windows-x86_64 | 0.2.0 | 28.00 | 176.00 | 204.00 | OK | |
r-patched-linux-x86_64 | 0.2.0 | 3.88 | 138.56 | 142.44 | OK | |
r-release-linux-x86_64 | 0.2.0 | 3.38 | 138.97 | 142.35 | OK | |
r-release-macos-arm64 | 0.2.0 | 52.00 | NOTE | |||
r-release-macos-x86_64 | 0.2.0 | 86.00 | NOTE | |||
r-release-windows-x86_64 | 0.2.0 | 35.00 | 173.00 | 208.00 | OK | |
r-oldrel-macos-arm64 | 0.2.0 | 81.00 | NOTE | |||
r-oldrel-macos-x86_64 | 0.2.0 | 87.00 | NOTE | |||
r-oldrel-windows-ix86+x86_64 | 0.2.0 | 13.00 | 182.00 | 195.00 | OK |
Version: 0.2.0
Check: dependencies in R code
Result: NOTE
Namespace in Imports field not imported from: ‘parcats’
All declared Imports should be used.
Flavors: r-devel-linux-x86_64-fedora-clang, r-devel-linux-x86_64-fedora-gcc, r-release-macos-arm64, r-release-macos-x86_64, r-oldrel-macos-arm64, r-oldrel-macos-x86_64