CRAN Package Check Results for Package vip

Last updated on 2022-07-04 07:49:10 CEST.

Flavor Version Tinstall Tcheck Ttotal Status Flags
r-devel-linux-x86_64-debian-clang 0.3.2 3.83 174.25 178.08 NOTE
r-devel-linux-x86_64-debian-gcc 0.3.2 2.88 121.17 124.05 NOTE
r-devel-linux-x86_64-fedora-clang 0.3.2 203.02 NOTE
r-devel-linux-x86_64-fedora-gcc 0.3.2 204.11 NOTE
r-devel-windows-x86_64 0.3.2 22.00 179.00 201.00 NOTE
r-patched-linux-x86_64 0.3.2 5.38 158.89 164.27 NOTE
r-release-linux-x86_64 0.3.2 3.76 155.37 159.13 NOTE
r-release-macos-arm64 0.3.2 60.00 NOTE
r-release-macos-x86_64 0.3.2 112.00 NOTE
r-release-windows-x86_64 0.3.2 31.00 188.00 219.00 NOTE
r-oldrel-macos-arm64 0.3.2 68.00 NOTE
r-oldrel-macos-x86_64 0.3.2 121.00 NOTE
r-oldrel-windows-ix86+x86_64 0.3.2 10.00 191.00 201.00 NOTE

Additional issues

noSuggests

Check Details

Version: 0.3.2
Check: LazyData
Result: NOTE
     'LazyData' is specified without a 'data' directory
Flavors: r-devel-linux-x86_64-debian-clang, r-devel-linux-x86_64-debian-gcc, r-devel-linux-x86_64-fedora-clang, r-devel-linux-x86_64-fedora-gcc, r-devel-windows-x86_64, r-patched-linux-x86_64, r-release-linux-x86_64, r-release-macos-arm64, r-release-macos-x86_64, r-release-windows-x86_64, r-oldrel-macos-arm64, r-oldrel-macos-x86_64, r-oldrel-windows-ix86+x86_64

Version: 0.3.2
Check: Rd cross-references
Result: NOTE
    Undeclared package ‘foreach’ in Rd xrefs
Flavor: r-devel-linux-x86_64-fedora-clang