CRAN Package Check Results for Package viewpoly

Last updated on 2022-07-06 07:49:12 CEST.

Flavor Version Tinstall Tcheck Ttotal Status Flags
r-devel-linux-x86_64-debian-clang 0.2.0 19.44 205.85 225.29 OK
r-devel-linux-x86_64-debian-gcc 0.2.0 16.54 149.40 165.94 OK
r-devel-linux-x86_64-fedora-clang 0.2.0 269.13 NOTE
r-devel-linux-x86_64-fedora-gcc 0.2.0 266.66 OK
r-devel-windows-x86_64 0.2.0 53.00 252.00 305.00 NOTE
r-patched-linux-x86_64 0.2.0 18.35 194.95 213.30 OK
r-release-linux-x86_64 0.2.0 17.39 194.67 212.06 OK
r-release-macos-arm64 0.2.0 155.00 NOTE
r-release-macos-x86_64 0.2.0 177.00 ERROR
r-release-windows-x86_64 0.2.0 60.00 272.00 332.00 NOTE
r-oldrel-macos-arm64 0.2.0 162.00 NOTE
r-oldrel-macos-x86_64 0.2.0 174.00 ERROR
r-oldrel-windows-ix86+x86_64 0.2.0 44.00 285.00 329.00 NOTE

Check Details

Version: 0.2.0
Check: installed package size
Result: NOTE
     installed size is 5.3Mb
     sub-directories of 1Mb or more:
     ext 4.5Mb
Flavors: r-devel-linux-x86_64-fedora-clang, r-devel-windows-x86_64, r-release-macos-arm64, r-release-macos-x86_64, r-release-windows-x86_64, r-oldrel-macos-arm64, r-oldrel-macos-x86_64, r-oldrel-windows-ix86+x86_64

Version: 0.2.0
Check: tests
Result: ERROR
     Running ‘testthat.R’ [36s/116s]
    Running the tests in ‘tests/testthat.R’ failed.
    Last 13 lines of output:
     destfile = input.data$datapath)`: download from 'https://www.polyploids.org/sites/default/files/2022-04/tetra_QTLpoly_data.RData' failed
     Backtrace:
     ▆
     1. └─utils::download.file(...) at test-QTLpoly.R:11:2
    
     [ FAIL 1 | WARN 2 | SKIP 2 | PASS 89 ]
     Deleting unused snapshots:
     • tetra_example/effects-bar.svg
     • tetra_example/effects-circle.svg
     • tetra_example/effects-digenic.svg
     • tetra_example/linkage-map-draw-names.svg
     • tetra_example/plot-map-list.svg
     • tetra_example/qtl-plot.svg
     Error: Test failures
     Execution halted
Flavor: r-release-macos-x86_64

Version: 0.2.0
Check: tests
Result: ERROR
     Running ‘testthat.R’ [34s/115s]
    Running the tests in ‘tests/testthat.R’ failed.
    Last 13 lines of output:
     destfile = input.data$datapath)`: download from 'https://www.polyploids.org/sites/default/files/2022-04/tetra_QTLpoly_data.RData' failed
     Backtrace:
     ▆
     1. └─utils::download.file(...) at test-QTLpoly.R:11:2
    
     [ FAIL 1 | WARN 2 | SKIP 2 | PASS 89 ]
     Deleting unused snapshots:
     • tetra_example/effects-bar.svg
     • tetra_example/effects-circle.svg
     • tetra_example/effects-digenic.svg
     • tetra_example/linkage-map-draw-names.svg
     • tetra_example/plot-map-list.svg
     • tetra_example/qtl-plot.svg
     Error: Test failures
     Execution halted
Flavor: r-oldrel-macos-x86_64