CRAN Package Check Results for Package vennLasso

Last updated on 2022-07-02 07:56:30 CEST.

Flavor Version Tinstall Tcheck Ttotal Status Flags
r-devel-linux-x86_64-debian-clang 0.1.6 89.66 202.69 292.35 NOTE
r-devel-linux-x86_64-debian-gcc 0.1.6 77.08 153.53 230.61 NOTE
r-devel-linux-x86_64-fedora-clang 0.1.6 389.26 NOTE
r-devel-linux-x86_64-fedora-gcc 0.1.6 369.00 NOTE
r-devel-windows-x86_64 0.1.6 80.00 255.00 335.00 NOTE
r-patched-linux-x86_64 0.1.6 74.83 194.46 269.29 NOTE
r-release-linux-x86_64 0.1.6 80.40 195.20 275.60 NOTE
r-release-macos-arm64 0.1.6 109.00 NOTE
r-release-macos-x86_64 0.1.6 139.00 NOTE
r-release-windows-x86_64 0.1.6 95.00 279.00 374.00 NOTE
r-oldrel-macos-arm64 0.1.6 116.00 NOTE
r-oldrel-macos-x86_64 0.1.6 198.00 NOTE
r-oldrel-windows-ix86+x86_64 0.1.6 181.00 319.00 500.00 NOTE

Check Details

Version: 0.1.6
Check: LazyData
Result: NOTE
     'LazyData' is specified without a 'data' directory
Flavors: r-devel-linux-x86_64-debian-clang, r-devel-linux-x86_64-debian-gcc, r-devel-linux-x86_64-fedora-clang, r-devel-linux-x86_64-fedora-gcc, r-devel-windows-x86_64, r-patched-linux-x86_64, r-release-linux-x86_64, r-release-macos-arm64, r-release-macos-x86_64, r-release-windows-x86_64, r-oldrel-macos-arm64, r-oldrel-macos-x86_64, r-oldrel-windows-ix86+x86_64

Version: 0.1.6
Check: installed package size
Result: NOTE
     installed size is 21.7Mb
     sub-directories of 1Mb or more:
     libs 21.2Mb
Flavors: r-devel-linux-x86_64-fedora-clang, r-release-macos-arm64, r-release-macos-x86_64, r-oldrel-macos-arm64, r-oldrel-macos-x86_64