Last updated on 2022-07-06 07:49:12 CEST.
Flavor | Version | Tinstall | Tcheck | Ttotal | Status | Flags |
---|---|---|---|---|---|---|
r-devel-linux-x86_64-debian-clang | 2.6-2 | 45.16 | 335.85 | 381.01 | NOTE | |
r-devel-linux-x86_64-debian-gcc | 2.6-2 | 32.44 | 247.82 | 280.26 | NOTE | |
r-devel-linux-x86_64-fedora-clang | 2.6-2 | 458.50 | NOTE | |||
r-devel-linux-x86_64-fedora-gcc | 2.6-2 | 458.26 | NOTE | |||
r-devel-windows-x86_64 | 2.6-2 | 138.00 | 459.00 | 597.00 | NOTE | |
r-patched-linux-x86_64 | 2.6-2 | 53.72 | 313.70 | 367.42 | OK | |
r-release-linux-x86_64 | 2.6-2 | 38.18 | 308.68 | 346.86 | OK | |
r-release-macos-arm64 | 2.6-2 | 112.00 | NOTE | |||
r-release-macos-x86_64 | 2.6-2 | 172.00 | OK | |||
r-release-windows-x86_64 | 2.6-2 | 142.00 | 484.00 | 626.00 | OK | |
r-oldrel-macos-arm64 | 2.6-2 | 110.00 | NOTE | |||
r-oldrel-macos-x86_64 | 2.6-2 | 179.00 | OK | |||
r-oldrel-windows-ix86+x86_64 | 2.6-2 | 82.00 | 548.00 | 630.00 | OK |
Version: 2.6-2
Check: Rd files
Result: NOTE
checkRd: (-1) MOStest.Rd:9: Escaped LaTeX specials: \&
Flavors: r-devel-linux-x86_64-debian-clang, r-devel-linux-x86_64-debian-gcc, r-devel-linux-x86_64-fedora-clang, r-devel-linux-x86_64-fedora-gcc, r-devel-windows-x86_64
Version: 2.6-2
Check: installed package size
Result: NOTE
installed size is 5.1Mb
sub-directories of 1Mb or more:
R 2.0Mb
doc 1.2Mb
Flavors: r-release-macos-arm64, r-oldrel-macos-arm64