CRAN Package Check Results for Package vcfR

Last updated on 2022-01-22 06:49:09 CET.

Flavor Version Tinstall Tcheck Ttotal Status Flags
r-devel-linux-x86_64-debian-clang 1.12.0 141.30 206.05 347.35 OK
r-devel-linux-x86_64-debian-gcc 1.12.0 105.65 163.76 269.41 OK
r-devel-linux-x86_64-fedora-clang 1.12.0 498.20 NOTE
r-devel-linux-x86_64-fedora-gcc 1.12.0 447.36 OK
r-devel-windows-x86_64-new-UL 1.12.0 187.00 297.00 484.00 OK
r-devel-windows-x86_64-new-TK 1.12.0 OK
r-patched-linux-x86_64 1.12.0 128.67 214.23 342.90 OK
r-release-linux-x86_64 1.12.0 128.59 209.32 337.91 OK
r-release-macos-arm64 1.12.0 NOTE
r-release-macos-x86_64 1.12.0 NOTE
r-release-windows-ix86+x86_64 1.12.0 345.00 388.00 733.00 OK
r-oldrel-macos-x86_64 1.12.0 NOTE
r-oldrel-windows-ix86+x86_64 1.12.0 344.00 403.00 747.00 OK

Check Details

Version: 1.12.0
Check: installed package size
Result: NOTE
     installed size is 7.2Mb
     sub-directories of 1Mb or more:
     libs 5.2Mb
Flavors: r-devel-linux-x86_64-fedora-clang, r-release-macos-arm64, r-release-macos-x86_64, r-oldrel-macos-x86_64