CRAN Package Check Results for Package variantspark

Last updated on 2022-08-12 07:53:29 CEST.

Flavor Version Tinstall Tcheck Ttotal Status Flags
r-devel-linux-x86_64-debian-clang 0.1.1 9.00 66.16 75.16 NOTE
r-devel-linux-x86_64-debian-gcc 0.1.1 6.55 49.01 55.56 NOTE
r-devel-linux-x86_64-fedora-clang 0.1.1 97.16 NOTE
r-devel-linux-x86_64-fedora-gcc 0.1.1 99.09 NOTE
r-devel-windows-x86_64 0.1.1 24.00 88.00 112.00 NOTE
r-patched-linux-x86_64 0.1.1 9.58 62.24 71.82 NOTE
r-release-linux-x86_64 0.1.1 5.79 62.48 68.27 NOTE
r-release-macos-arm64 0.1.1 28.00 NOTE
r-release-macos-x86_64 0.1.1 49.00 NOTE
r-release-windows-x86_64 0.1.1 12.00 89.00 101.00 NOTE
r-oldrel-macos-arm64 0.1.1 32.00 NOTE
r-oldrel-macos-x86_64 0.1.1 53.00 NOTE
r-oldrel-windows-ix86+x86_64 0.1.1 20.00 86.00 106.00 NOTE

Check Details

Version: 0.1.1
Check: LazyData
Result: NOTE
     'LazyData' is specified without a 'data' directory
Flavors: r-devel-linux-x86_64-debian-clang, r-devel-linux-x86_64-debian-gcc, r-devel-linux-x86_64-fedora-clang, r-devel-linux-x86_64-fedora-gcc, r-devel-windows-x86_64, r-patched-linux-x86_64, r-release-linux-x86_64, r-release-macos-arm64, r-release-macos-x86_64, r-release-windows-x86_64, r-oldrel-macos-arm64, r-oldrel-macos-x86_64, r-oldrel-windows-ix86+x86_64