CRAN Package Check Results for Package valueEQ5D

Last updated on 2022-01-29 06:49:52 CET.

Flavor Version Tinstall Tcheck Ttotal Status Flags
r-devel-linux-x86_64-debian-clang 0.7.2 3.59 97.44 101.03 OK
r-devel-linux-x86_64-debian-gcc 0.7.2 3.12 71.33 74.45 OK
r-devel-linux-x86_64-fedora-clang 0.7.2 99.44 NOTE
r-devel-linux-x86_64-fedora-gcc 0.7.2 89.19 NOTE
r-devel-windows-x86_64-new-UL 0.7.2 73.00 129.00 202.00 OK
r-devel-windows-x86_64-new-TK 0.7.2 NOTE
r-patched-linux-x86_64 0.7.2 2.91 76.30 79.21 OK
r-release-linux-x86_64 0.7.2 3.91 77.02 80.93 OK
r-release-macos-arm64 0.7.2 NOTE
r-release-macos-x86_64 0.7.2 NOTE
r-release-windows-ix86+x86_64 0.7.2 8.00 93.00 101.00 OK
r-oldrel-macos-x86_64 0.7.2 NOTE
r-oldrel-windows-ix86+x86_64 0.7.2 8.00 93.00 101.00 OK

Check Details

Version: 0.7.2
Check: dependencies in R code
Result: NOTE
    Namespace in Imports field not imported from: ‘testthat’
     All declared Imports should be used.
Flavors: r-devel-linux-x86_64-fedora-clang, r-devel-linux-x86_64-fedora-gcc, r-devel-windows-x86_64-new-TK, r-release-macos-arm64, r-release-macos-x86_64, r-oldrel-macos-x86_64