CRAN Package Check Results for Package validann

Last updated on 2022-01-26 06:50:33 CET.

Flavor Version Tinstall Tcheck Ttotal Status Flags
r-devel-linux-x86_64-debian-clang 1.2.1 3.41 47.15 50.56 NOTE
r-devel-linux-x86_64-debian-gcc 1.2.1 2.77 35.74 38.51 NOTE
r-devel-linux-x86_64-fedora-clang 1.2.1 61.33 NOTE
r-devel-linux-x86_64-fedora-gcc 1.2.1 50.10 NOTE
r-devel-windows-x86_64-new-UL 1.2.1 24.00 62.00 86.00 OK
r-devel-windows-x86_64-new-TK 1.2.1 OK
r-patched-linux-x86_64 1.2.1 3.75 45.42 49.17 NOTE
r-release-linux-x86_64 1.2.1 2.39 44.80 47.19 NOTE
r-release-macos-arm64 1.2.1 OK
r-release-macos-x86_64 1.2.1 OK
r-release-windows-ix86+x86_64 1.2.1 6.00 57.00 63.00 OK
r-oldrel-macos-x86_64 1.2.1 OK
r-oldrel-windows-ix86+x86_64 1.2.1 7.00 62.00 69.00 OK

Check Details

Version: 1.2.1
Check: for non-standard things in the check directory
Result: NOTE
    Found the following files/directories:
     'PredValidationPlots.pdf' 'RepStructValidationPlots.pdf'
Flavors: r-devel-linux-x86_64-debian-clang, r-devel-linux-x86_64-debian-gcc, r-devel-linux-x86_64-fedora-clang, r-devel-linux-x86_64-fedora-gcc, r-patched-linux-x86_64, r-release-linux-x86_64