CRAN Package Check Results for Package uwot

Last updated on 2022-05-19 07:50:23 CEST.

Flavor Version Tinstall Tcheck Ttotal Status Flags
r-devel-linux-x86_64-debian-clang 0.1.11 105.21 175.53 280.74 OK
r-devel-linux-x86_64-debian-gcc 0.1.11 83.76 141.64 225.40 OK
r-devel-linux-x86_64-fedora-clang 0.1.11 349.39 NOTE
r-devel-linux-x86_64-fedora-gcc 0.1.11 335.52 OK
r-devel-windows-x86_64 0.1.11 79.00 223.00 302.00 OK
r-patched-linux-x86_64 0.1.11 86.02 166.83 252.85 OK
r-release-linux-x86_64 0.1.11 82.93 170.35 253.28 OK
r-release-macos-arm64 0.1.11 100.00 NOTE
r-release-macos-x86_64 0.1.11 121.00 NOTE
r-release-windows-x86_64 0.1.11 84.00 228.00 312.00 OK
r-oldrel-macos-arm64 0.1.11 482.00 NOTE
r-oldrel-macos-x86_64 0.1.11 118.00 NOTE
r-oldrel-windows-ix86+x86_64 0.1.11 2.00 9.00 11.00 ERROR

Check Details

Version: 0.1.11
Check: installed package size
Result: NOTE
     installed size is 10.5Mb
     sub-directories of 1Mb or more:
     libs 10.0Mb
Flavors: r-devel-linux-x86_64-fedora-clang, r-release-macos-arm64, r-release-macos-x86_64, r-oldrel-macos-arm64, r-oldrel-macos-x86_64

Version: 0.1.11
Check: whether package can be installed
Result: ERROR
    Installation failed.
Flavor: r-oldrel-windows-ix86+x86_64