Last updated on 2022-05-26 07:53:35 CEST.
Flavor | Version | Tinstall | Tcheck | Ttotal | Status | Flags |
---|---|---|---|---|---|---|
r-devel-linux-x86_64-debian-clang | 0.3.0 | 12.99 | 132.79 | 145.78 | OK | |
r-devel-linux-x86_64-debian-gcc | 0.3.0 | 11.64 | 104.43 | 116.07 | OK | |
r-devel-linux-x86_64-fedora-clang | 0.3.0 | 182.75 | NOTE | |||
r-devel-linux-x86_64-fedora-gcc | 0.3.0 | 153.95 | NOTE | |||
r-devel-windows-x86_64 | 0.3.0 | 22.00 | 145.00 | 167.00 | OK | |
r-patched-linux-x86_64 | 0.3.0 | 9.53 | 121.98 | 131.51 | OK | |
r-release-linux-x86_64 | 0.3.0 | OK | ||||
r-release-macos-arm64 | 0.3.0 | 44.00 | NOTE | |||
r-release-macos-x86_64 | 0.3.0 | 75.00 | NOTE | |||
r-release-windows-x86_64 | 0.3.0 | 23.00 | 150.00 | 173.00 | OK | |
r-oldrel-macos-arm64 | 0.3.0 | 49.00 | NOTE | |||
r-oldrel-macos-x86_64 | 0.3.0 | 86.00 | NOTE | |||
r-oldrel-windows-ix86+x86_64 | 0.3.0 | 33.00 | 135.00 | 168.00 | OK |
Version: 0.3.0
Check: dependencies in R code
Result: NOTE
Namespace in Imports field not imported from: ‘rio’
All declared Imports should be used.
Flavors: r-devel-linux-x86_64-fedora-clang, r-devel-linux-x86_64-fedora-gcc, r-release-macos-arm64, r-release-macos-x86_64, r-oldrel-macos-arm64, r-oldrel-macos-x86_64