Last updated on 2022-07-04 07:49:10 CEST.
Flavor | Version | Tinstall | Tcheck | Ttotal | Status | Flags |
---|---|---|---|---|---|---|
r-devel-linux-x86_64-debian-clang | 0.1.7 | 10.15 | 130.67 | 140.82 | OK | |
r-devel-linux-x86_64-debian-gcc | 0.1.7 | 7.90 | 99.80 | 107.70 | OK | |
r-devel-linux-x86_64-fedora-clang | 0.1.7 | 177.19 | WARN | |||
r-devel-linux-x86_64-fedora-gcc | 0.1.7 | 178.49 | WARN | |||
r-devel-windows-x86_64 | 0.1.7 | 76.00 | 170.00 | 246.00 | OK | |
r-patched-linux-x86_64 | 0.1.7 | 18.42 | 124.14 | 142.56 | OK | |
r-release-linux-x86_64 | 0.1.7 | 9.69 | 125.55 | 135.24 | OK | |
r-release-macos-arm64 | 0.1.7 | 49.00 | OK | |||
r-release-macos-x86_64 | 0.1.7 | 102.00 | OK | |||
r-release-windows-x86_64 | 0.1.7 | 77.00 | 174.00 | 251.00 | OK | |
r-oldrel-macos-arm64 | 0.1.7 | 56.00 | OK | |||
r-oldrel-macos-x86_64 | 0.1.7 | 84.00 | OK | |||
r-oldrel-windows-ix86+x86_64 | 0.1.7 | 24.00 | 172.00 | 196.00 | OK |
Version: 0.1.7
Check: package dependencies
Result: WARN
Requires (indirectly) orphaned package: ‘gtools’
Flavors: r-devel-linux-x86_64-fedora-clang, r-devel-linux-x86_64-fedora-gcc