CRAN Package Check Results for Package usfertilizer

Last updated on 2022-01-26 06:50:33 CET.

Flavor Version Tinstall Tcheck Ttotal Status Flags
r-devel-linux-x86_64-debian-clang 0.1.5 2.43 57.16 59.59 OK
r-devel-linux-x86_64-debian-gcc 0.1.5 1.88 46.39 48.27 OK
r-devel-linux-x86_64-fedora-clang 0.1.5 72.74 NOTE
r-devel-linux-x86_64-fedora-gcc 0.1.5 61.28 NOTE
r-devel-windows-x86_64-new-UL 0.1.5 42.00 107.00 149.00 OK
r-devel-windows-x86_64-new-TK 0.1.5 NOTE
r-patched-linux-x86_64 0.1.5 2.46 55.23 57.69 OK
r-release-linux-x86_64 0.1.5 1.47 56.07 57.54 OK
r-release-macos-arm64 0.1.5 NOTE
r-release-macos-x86_64 0.1.5 NOTE
r-release-windows-ix86+x86_64 0.1.5 8.00 69.00 77.00 OK
r-oldrel-macos-x86_64 0.1.5 NOTE
r-oldrel-windows-ix86+x86_64 0.1.5 7.00 70.00 77.00 OK

Check Details

Version: 0.1.5
Check: dependencies in R code
Result: NOTE
    Namespace in Imports field not imported from: ‘tidyverse’
     All declared Imports should be used.
Flavors: r-devel-linux-x86_64-fedora-clang, r-devel-linux-x86_64-fedora-gcc, r-devel-windows-x86_64-new-TK, r-release-macos-arm64, r-release-macos-x86_64, r-oldrel-macos-x86_64