CRAN Package Check Results for Package usethat

Last updated on 2022-07-03 07:52:08 CEST.

Flavor Version Tinstall Tcheck Ttotal Status Flags
r-devel-linux-x86_64-debian-clang 0.3.0 2.72 31.74 34.46 OK
r-devel-linux-x86_64-debian-gcc 0.3.0 2.01 24.47 26.48 OK
r-devel-linux-x86_64-fedora-clang 0.3.0 51.48 NOTE
r-devel-linux-x86_64-fedora-gcc 0.3.0 50.12 NOTE
r-devel-windows-x86_64 0.3.0 17.00 59.00 76.00 OK
r-patched-linux-x86_64 0.3.0 3.39 30.22 33.61 OK
r-release-linux-x86_64 0.3.0 2.73 30.81 33.54 OK
r-release-macos-arm64 0.3.0 17.00 NOTE
r-release-macos-x86_64 0.3.0 31.00 NOTE
r-release-windows-x86_64 0.3.0 20.00 65.00 85.00 OK
r-oldrel-macos-arm64 0.3.0 21.00 NOTE
r-oldrel-macos-x86_64 0.3.0 24.00 NOTE
r-oldrel-windows-ix86+x86_64 0.3.0 8.00 51.00 59.00 OK

Check Details

Version: 0.3.0
Check: dependencies in R code
Result: NOTE
    Namespace in Imports field not imported from: ‘microservices’
     All declared Imports should be used.
Flavors: r-devel-linux-x86_64-fedora-clang, r-devel-linux-x86_64-fedora-gcc, r-release-macos-arm64, r-release-macos-x86_64, r-oldrel-macos-arm64, r-oldrel-macos-x86_64