CRAN Package Check Results for Package usdarnass

Last updated on 2022-08-11 07:51:59 CEST.

Flavor Version Tinstall Tcheck Ttotal Status Flags
r-devel-linux-x86_64-debian-clang 0.1.0 2.73 27.16 29.89 NOTE
r-devel-linux-x86_64-debian-gcc 0.1.0 1.91 21.84 23.75 NOTE
r-devel-linux-x86_64-fedora-clang 0.1.0 47.40 NOTE
r-devel-linux-x86_64-fedora-gcc 0.1.0 48.89 NOTE
r-devel-windows-x86_64 0.1.0 11.00 62.00 73.00 NOTE
r-patched-linux-x86_64 0.1.0 2.56 26.54 29.10 NOTE
r-release-linux-x86_64 0.1.0 NOTE
r-release-macos-arm64 0.1.0 17.00 NOTE
r-release-macos-x86_64 0.1.0 27.00 NOTE
r-release-windows-x86_64 0.1.0 9.00 57.00 66.00 NOTE
r-oldrel-macos-arm64 0.1.0 19.00 NOTE
r-oldrel-macos-x86_64 0.1.0 30.00 NOTE
r-oldrel-windows-ix86+x86_64 0.1.0 7.00 48.00 55.00 NOTE

Check Details

Version: 0.1.0
Check: LazyData
Result: NOTE
     'LazyData' is specified without a 'data' directory
Flavors: r-devel-linux-x86_64-debian-clang, r-devel-linux-x86_64-debian-gcc, r-devel-linux-x86_64-fedora-clang, r-devel-linux-x86_64-fedora-gcc, r-devel-windows-x86_64, r-patched-linux-x86_64, r-release-linux-x86_64, r-release-macos-arm64, r-release-macos-x86_64, r-release-windows-x86_64, r-oldrel-macos-arm64, r-oldrel-macos-x86_64, r-oldrel-windows-ix86+x86_64