CRAN Package Check Results for Package urlchecker

Last updated on 2022-05-24 07:52:36 CEST.

Flavor Version Tinstall Tcheck Ttotal Status Flags
r-devel-linux-x86_64-debian-clang 1.0.1 2.31 31.06 33.37 OK
r-devel-linux-x86_64-debian-gcc 1.0.1 1.50 24.63 26.13 OK
r-devel-linux-x86_64-fedora-clang 1.0.1 41.34 NOTE
r-devel-linux-x86_64-fedora-gcc 1.0.1 29.65 NOTE
r-devel-windows-x86_64 1.0.1 17.00 46.00 63.00 OK
r-patched-linux-x86_64 1.0.1 2.55 30.07 32.62 OK
r-release-linux-x86_64 1.0.1 OK
r-release-macos-arm64 1.0.1 15.00 NOTE
r-release-macos-x86_64 1.0.1 21.00 NOTE
r-release-windows-x86_64 1.0.1 15.00 48.00 63.00 OK
r-oldrel-macos-arm64 1.0.1 71.00 NOTE
r-oldrel-macos-x86_64 1.0.1 21.00 NOTE
r-oldrel-windows-ix86+x86_64 1.0.1 7.00 41.00 48.00 OK

Check Details

Version: 1.0.1
Check: dependencies in R code
Result: NOTE
    Namespace in Imports field not imported from: ‘xml2’
     All declared Imports should be used.
Flavors: r-devel-linux-x86_64-fedora-clang, r-devel-linux-x86_64-fedora-gcc, r-release-macos-arm64, r-release-macos-x86_64, r-oldrel-macos-arm64, r-oldrel-macos-x86_64