Last updated on 2022-05-16 07:49:16 CEST.
Flavor | Version | Tinstall | Tcheck | Ttotal | Status | Flags |
---|---|---|---|---|---|---|
r-devel-linux-x86_64-debian-clang | 0.3.0 | 4.89 | 52.68 | 57.57 | OK | |
r-devel-linux-x86_64-debian-gcc | 0.3.0 | 5.60 | 39.90 | 45.50 | OK | |
r-devel-linux-x86_64-fedora-clang | 0.3.0 | 71.74 | NOTE | |||
r-devel-linux-x86_64-fedora-gcc | 0.3.0 | 70.44 | NOTE | |||
r-devel-windows-x86_64 | 0.3.0 | 18.00 | 74.00 | 92.00 | OK | |
r-patched-linux-x86_64 | 0.3.0 | 6.84 | 50.14 | 56.98 | OK | |
r-release-linux-x86_64 | 0.3.0 | 5.59 | 49.99 | 55.58 | OK | |
r-release-macos-arm64 | 0.3.0 | 30.00 | NOTE | |||
r-release-macos-x86_64 | 0.3.0 | 35.00 | NOTE | |||
r-release-windows-x86_64 | 0.3.0 | 16.00 | 75.00 | 91.00 | OK | |
r-oldrel-macos-arm64 | 0.3.0 | 39.00 | NOTE | |||
r-oldrel-macos-x86_64 | 0.3.0 | 54.00 | NOTE | |||
r-oldrel-windows-ix86+x86_64 | 0.3.0 | 14.00 | 69.00 | 83.00 | OK |
Version: 0.3.0
Check: data for non-ASCII characters
Result: NOTE
Note: found 7872 marked UTF-8 strings
Flavors: r-devel-linux-x86_64-fedora-clang, r-devel-linux-x86_64-fedora-gcc, r-release-macos-arm64, r-release-macos-x86_64, r-oldrel-macos-arm64, r-oldrel-macos-x86_64