Last updated on 2022-05-27 07:50:19 CEST.
Flavor | Version | Tinstall | Tcheck | Ttotal | Status | Flags |
---|---|---|---|---|---|---|
r-devel-linux-x86_64-debian-clang | 0.1.0 | 4.12 | 81.17 | 85.29 | OK | |
r-devel-linux-x86_64-debian-gcc | 0.1.0 | 3.04 | 59.79 | 62.83 | OK | |
r-devel-linux-x86_64-fedora-clang | 0.1.0 | 98.85 | NOTE | |||
r-devel-linux-x86_64-fedora-gcc | 0.1.0 | 86.84 | NOTE | |||
r-devel-windows-x86_64 | 0.1.0 | 57.00 | 127.00 | 184.00 | OK | |
r-patched-linux-x86_64 | 0.1.0 | 3.84 | 75.57 | 79.41 | OK | |
r-release-linux-x86_64 | 0.1.0 | 3.82 | 75.60 | 79.42 | OK | |
r-release-macos-arm64 | 0.1.0 | 30.00 | NOTE | |||
r-release-macos-x86_64 | 0.1.0 | 51.00 | NOTE | |||
r-release-windows-x86_64 | 0.1.0 | 57.00 | 107.00 | 164.00 | OK | |
r-oldrel-macos-arm64 | 0.1.0 | 37.00 | NOTE | |||
r-oldrel-macos-x86_64 | 0.1.0 | 54.00 | NOTE | |||
r-oldrel-windows-ix86+x86_64 | 0.1.0 | 10.00 | 99.00 | 109.00 | OK |
Version: 0.1.0
Check: dependencies in R code
Result: NOTE
Namespaces in Imports field not imported from:
‘lavaan’ ‘lifecycle’ ‘patchwork’ ‘ragg’ ‘scales’ ‘simstandard’
All declared Imports should be used.
Flavors: r-devel-linux-x86_64-fedora-clang, r-devel-linux-x86_64-fedora-gcc, r-release-macos-arm64, r-release-macos-x86_64, r-oldrel-macos-arm64, r-oldrel-macos-x86_64