CRAN Package Check Results for Package unitizer

Last updated on 2022-01-21 08:52:19 CET.

Flavor Version Tinstall Tcheck Ttotal Status Flags
r-devel-linux-x86_64-debian-clang 1.4.17 18.49 230.78 249.27 OK
r-devel-linux-x86_64-debian-gcc 1.4.17 15.78 175.48 191.26 OK
r-devel-linux-x86_64-fedora-clang 1.4.17 306.93 OK
r-devel-linux-x86_64-fedora-gcc 1.4.17 343.70 OK
r-devel-windows-x86_64-new-UL 1.4.17 441.00 356.00 797.00 OK
r-devel-windows-x86_64-new-TK 1.4.17 OK
r-patched-linux-x86_64 1.4.17 21.24 228.32 249.56 OK
r-release-linux-x86_64 1.4.17 19.97 226.28 246.25 OK
r-release-macos-arm64 1.4.17 WARN
r-release-macos-x86_64 1.4.17 WARN
r-release-windows-ix86+x86_64 1.4.17 36.00 313.00 349.00 OK
r-oldrel-macos-x86_64 1.4.15 WARN
r-oldrel-windows-ix86+x86_64 1.4.17 37.00 320.00 357.00 OK

Check Details

Version: 1.4.17
Check: for unstated dependencies in ‘tests’
Result: WARN
    'library' or 'require' calls not declared from:
     ‘unitizerdummypkg1’ ‘unitizerdummypkg2’
Flavors: r-release-macos-arm64, r-release-macos-x86_64

Version: 1.4.15
Check: for unstated dependencies in ‘tests’
Result: WARN
    'library' or 'require' calls not declared from:
     ‘unitizerdummypkg1’ ‘unitizerdummypkg2’
Flavor: r-oldrel-macos-x86_64