CRAN Package Check Results for Package unisensR

Last updated on 2022-08-15 07:50:30 CEST.

Flavor Version Tinstall Tcheck Ttotal Status Flags
r-devel-linux-x86_64-debian-clang 0.3.3 2.03 35.43 37.46 NOTE
r-devel-linux-x86_64-debian-gcc 0.3.3 1.99 27.98 29.97 NOTE
r-devel-linux-x86_64-fedora-clang 0.3.3 56.04 NOTE
r-devel-linux-x86_64-fedora-gcc 0.3.3 59.15 NOTE
r-devel-windows-x86_64 0.3.3 18.00 65.00 83.00 NOTE
r-patched-linux-x86_64 0.3.3 2.72 33.88 36.60 NOTE
r-release-linux-x86_64 0.3.3 2.40 35.43 37.83 NOTE
r-release-macos-arm64 0.3.3 20.00 NOTE
r-release-macos-x86_64 0.3.3 29.00 NOTE
r-release-windows-x86_64 0.3.3 14.00 61.00 75.00 NOTE
r-oldrel-macos-arm64 0.3.3 28.00 NOTE
r-oldrel-macos-x86_64 0.3.3 33.00 NOTE
r-oldrel-windows-ix86+x86_64 0.3.3 7.00 57.00 64.00 NOTE

Check Details

Version: 0.3.3
Check: LazyData
Result: NOTE
     'LazyData' is specified without a 'data' directory
Flavors: r-devel-linux-x86_64-debian-clang, r-devel-linux-x86_64-debian-gcc, r-devel-linux-x86_64-fedora-clang, r-devel-linux-x86_64-fedora-gcc, r-devel-windows-x86_64, r-patched-linux-x86_64, r-release-linux-x86_64, r-release-macos-arm64, r-release-macos-x86_64, r-release-windows-x86_64, r-oldrel-macos-arm64, r-oldrel-macos-x86_64, r-oldrel-windows-ix86+x86_64