CRAN Package Check Results for Package ukpolice

Last updated on 2022-07-06 07:49:12 CEST.

Flavor Version Tinstall Tcheck Ttotal Status Flags
r-devel-linux-x86_64-debian-clang 0.2.2 5.44 47.50 52.94 NOTE
r-devel-linux-x86_64-debian-gcc 0.2.2 3.47 36.11 39.58 NOTE
r-devel-linux-x86_64-fedora-clang 0.2.2 72.68 NOTE
r-devel-linux-x86_64-fedora-gcc 0.2.2 71.24 NOTE
r-devel-windows-x86_64 0.2.2 30.00 75.00 105.00 NOTE
r-patched-linux-x86_64 0.2.2 3.49 44.74 48.23 NOTE
r-release-linux-x86_64 0.2.2 4.09 44.11 48.20 NOTE
r-release-macos-arm64 0.2.2 21.00 NOTE
r-release-macos-x86_64 0.2.2 32.00 NOTE
r-release-windows-x86_64 0.2.2 25.00 81.00 106.00 NOTE
r-oldrel-macos-arm64 0.2.2 30.00 NOTE
r-oldrel-macos-x86_64 0.2.2 35.00 NOTE
r-oldrel-windows-ix86+x86_64 0.2.2 11.00 70.00 81.00 NOTE

Check Details

Version: 0.2.2
Check: LazyData
Result: NOTE
     'LazyData' is specified without a 'data' directory
Flavors: r-devel-linux-x86_64-debian-clang, r-devel-linux-x86_64-debian-gcc, r-devel-linux-x86_64-fedora-clang, r-devel-linux-x86_64-fedora-gcc, r-devel-windows-x86_64, r-patched-linux-x86_64, r-release-linux-x86_64, r-release-macos-arm64, r-release-macos-x86_64, r-release-windows-x86_64, r-oldrel-macos-arm64, r-oldrel-macos-x86_64, r-oldrel-windows-ix86+x86_64