CRAN Package Check Results for Package udapi

Last updated on 2022-05-17 07:53:19 CEST.

Flavor Version Tinstall Tcheck Ttotal Status Flags
r-devel-linux-x86_64-debian-clang 0.1.3 1.67 32.75 34.42 NOTE
r-devel-linux-x86_64-debian-gcc 0.1.3 1.68 24.91 26.59 NOTE
r-devel-linux-x86_64-fedora-clang 0.1.3 41.67 NOTE
r-devel-linux-x86_64-fedora-gcc 0.1.3 39.61 NOTE
r-devel-windows-x86_64 0.1.3 12.00 51.00 63.00 NOTE
r-patched-linux-x86_64 0.1.3 2.06 31.14 33.20 NOTE
r-release-linux-x86_64 0.1.3 1.48 31.19 32.67 NOTE
r-release-macos-arm64 0.1.3 20.00 NOTE
r-release-macos-x86_64 0.1.3 25.00 NOTE
r-release-windows-x86_64 0.1.3 11.00 53.00 64.00 NOTE
r-oldrel-macos-arm64 0.1.3 23.00 NOTE
r-oldrel-macos-x86_64 0.1.3 27.00 NOTE
r-oldrel-windows-ix86+x86_64 0.1.3 6.00 42.00 48.00 NOTE

Check Details

Version: 0.1.3
Check: LazyData
Result: NOTE
     'LazyData' is specified without a 'data' directory
Flavors: r-devel-linux-x86_64-debian-clang, r-devel-linux-x86_64-debian-gcc, r-devel-linux-x86_64-fedora-clang, r-devel-linux-x86_64-fedora-gcc, r-devel-windows-x86_64, r-patched-linux-x86_64, r-release-linux-x86_64, r-release-macos-arm64, r-release-macos-x86_64, r-release-windows-x86_64, r-oldrel-macos-arm64, r-oldrel-macos-x86_64, r-oldrel-windows-ix86+x86_64