CRAN Package Check Results for Package ubms

Last updated on 2022-01-23 07:14:17 CET.

Flavor Version Tinstall Tcheck Ttotal Status Flags
r-devel-linux-x86_64-debian-clang 1.1.0 504.93 427.29 932.22 NOTE
r-devel-linux-x86_64-debian-gcc 1.1.0 429.62 350.38 780.00 NOTE
r-devel-linux-x86_64-fedora-clang 1.1.0 1262.19 NOTE
r-devel-linux-x86_64-fedora-gcc 1.1.0 1270.35 NOTE
r-devel-windows-x86_64-new-UL 1.1.0 430.00 489.00 919.00 NOTE
r-devel-windows-x86_64-new-TK 1.1.0 ERROR
r-patched-linux-x86_64 1.1.0 376.75 427.46 804.21 NOTE
r-release-linux-x86_64 1.1.0 419.76 425.70 845.46 NOTE
r-release-macos-arm64 1.1.0 NOTE
r-release-macos-x86_64 1.1.0 NOTE
r-release-windows-ix86+x86_64 1.1.0 1045.00 651.00 1696.00 NOTE
r-oldrel-macos-x86_64 1.1.0 NOTE
r-oldrel-windows-ix86+x86_64 1.1.0 1052.00 671.00 1723.00 NOTE

Check Details

Version: 1.1.0
Check: for GNU extensions in Makefiles
Result: NOTE
    GNU make is a SystemRequirements.
Flavors: r-devel-linux-x86_64-debian-clang, r-devel-linux-x86_64-debian-gcc, r-devel-linux-x86_64-fedora-clang, r-devel-linux-x86_64-fedora-gcc, r-devel-windows-x86_64-new-UL, r-patched-linux-x86_64, r-release-linux-x86_64, r-release-macos-arm64, r-release-macos-x86_64, r-release-windows-ix86+x86_64, r-oldrel-macos-x86_64, r-oldrel-windows-ix86+x86_64

Version: 1.1.0
Check: installed package size
Result: NOTE
     installed size is 64.8Mb
     sub-directories of 1Mb or more:
     R 1.7Mb
     libs 61.8Mb
Flavors: r-devel-linux-x86_64-fedora-clang, r-devel-windows-x86_64-new-UL, r-release-macos-arm64, r-release-macos-x86_64, r-release-windows-ix86+x86_64, r-oldrel-macos-x86_64, r-oldrel-windows-ix86+x86_64

Version: 1.1.0
Check: package dependencies
Result: ERROR
    Packages required but not available: 'unmarked', 'lme4'
    
    See section 'The DESCRIPTION file' in the 'Writing R Extensions'
    manual.
Flavor: r-devel-windows-x86_64-new-TK