CRAN Package Check Results for Package uavRmp

Last updated on 2022-05-25 07:50:34 CEST.

Flavor Version Tinstall Tcheck Ttotal Status Flags
r-devel-linux-x86_64-debian-clang 0.5.7 15.18 148.91 164.09 NOTE
r-devel-linux-x86_64-debian-gcc 0.5.7 12.09 108.25 120.34 NOTE
r-devel-linux-x86_64-fedora-clang 0.5.7 189.78 NOTE
r-devel-linux-x86_64-fedora-gcc 0.5.7 174.76 NOTE
r-devel-windows-x86_64 0.5.7 141.00 170.00 311.00 NOTE
r-patched-linux-x86_64 0.5.7 14.45 139.78 154.23 NOTE
r-release-linux-x86_64 0.5.7 NOTE
r-release-macos-arm64 0.5.7 50.00 NOTE
r-release-macos-x86_64 0.5.7 82.00 NOTE
r-release-windows-x86_64 0.5.7 98.00 180.00 278.00 NOTE
r-oldrel-macos-arm64 0.5.7 51.00 NOTE
r-oldrel-macos-x86_64 0.5.7 83.00 NOTE
r-oldrel-windows-ix86+x86_64 0.5.7 35.00 163.00 198.00 NOTE

Check Details

Version: 0.5.7
Check: LazyData
Result: NOTE
     'LazyData' is specified without a 'data' directory
Flavors: r-devel-linux-x86_64-debian-clang, r-devel-linux-x86_64-debian-gcc, r-devel-linux-x86_64-fedora-clang, r-devel-linux-x86_64-fedora-gcc, r-devel-windows-x86_64, r-patched-linux-x86_64, r-release-linux-x86_64, r-release-macos-arm64, r-release-macos-x86_64, r-release-windows-x86_64, r-oldrel-macos-arm64, r-oldrel-macos-x86_64, r-oldrel-windows-ix86+x86_64

Version: 0.5.7
Check: dependencies in R code
Result: NOTE
    Namespace in Imports field not imported from: ‘rlang’
     All declared Imports should be used.
Flavors: r-devel-linux-x86_64-fedora-clang, r-devel-linux-x86_64-fedora-gcc, r-release-macos-arm64, r-release-macos-x86_64, r-oldrel-macos-arm64, r-oldrel-macos-x86_64