CRAN Package Check Results for Package twangRDC

Last updated on 2022-01-27 06:48:51 CET.

Flavor Version Tinstall Tcheck Ttotal Status Flags
r-devel-linux-x86_64-debian-clang 1.0 9.15 722.84 731.99 OK
r-devel-linux-x86_64-debian-gcc 1.0 8.55 956.40 964.95 OK
r-devel-linux-x86_64-fedora-clang 1.0 788.54 NOTE
r-devel-linux-x86_64-fedora-gcc 1.0 894.12 OK
r-devel-windows-x86_64-new-UL 1.0 19.00 447.00 466.00 OK
r-devel-windows-x86_64-new-TK 1.0 OK
r-patched-linux-x86_64 1.0 13.07 775.54 788.61 OK
r-release-linux-x86_64 1.0 8.55 867.65 876.20 OK
r-release-macos-arm64 1.0 OK
r-release-macos-x86_64 1.0 OK
r-release-windows-ix86+x86_64 1.0 23.00 437.00 460.00 OK
r-oldrel-macos-x86_64 1.0 OK
r-oldrel-windows-ix86+x86_64 1.0 25.00 456.00 481.00 OK

Check Details

Version: 1.0
Check: Rd cross-references
Result: NOTE
    Undeclared package ‘twang’ in Rd xrefs
Flavor: r-devel-linux-x86_64-fedora-clang