CRAN Package Check Results for Package twangContinuous

Last updated on 2022-01-21 08:52:19 CET.

Flavor Version Tinstall Tcheck Ttotal Status Flags
r-devel-linux-x86_64-debian-clang 1.0.0 7.18 84.85 92.03 OK
r-devel-linux-x86_64-debian-gcc 1.0.0 7.36 65.25 72.61 OK
r-devel-linux-x86_64-fedora-clang 1.0.0 112.88 NOTE
r-devel-linux-x86_64-fedora-gcc 1.0.0 101.75 NOTE
r-devel-windows-x86_64-new-UL 1.0.0 62.00 101.00 163.00 OK
r-devel-windows-x86_64-new-TK 1.0.0 NOTE
r-patched-linux-x86_64 1.0.0 6.43 82.71 89.14 OK
r-release-linux-x86_64 1.0.0 6.26 81.16 87.42 OK
r-release-macos-arm64 1.0.0 NOTE
r-release-macos-x86_64 1.0.0 NOTE
r-release-windows-ix86+x86_64 1.0.0 19.00 96.00 115.00 OK
r-oldrel-macos-x86_64 1.0.0 NOTE
r-oldrel-windows-ix86+x86_64 1.0.0 18.00 100.00 118.00 OK

Check Details

Version: 1.0.0
Check: dependencies in R code
Result: NOTE
    Namespace in Imports field not imported from: ‘Rcpp’
     All declared Imports should be used.
Flavors: r-devel-linux-x86_64-fedora-clang, r-devel-linux-x86_64-fedora-gcc, r-devel-windows-x86_64-new-TK, r-release-macos-arm64, r-release-macos-x86_64, r-oldrel-macos-x86_64