CRAN Package Check Results for Package tvmediation

Last updated on 2022-01-16 06:49:06 CET.

Flavor Version Tinstall Tcheck Ttotal Status Flags
r-devel-linux-x86_64-debian-clang 1.0.0 5.99 68.45 74.44 OK
r-devel-linux-x86_64-debian-gcc 1.0.0 5.60 53.08 58.68 OK
r-devel-linux-x86_64-fedora-clang 1.0.0 93.06 OK
r-devel-linux-x86_64-fedora-gcc 1.0.0 83.71 OK
r-devel-windows-x86_64-new-UL 1.0.0 73.00 96.00 169.00 OK
r-devel-windows-x86_64-new-TK 1.0.0 OK
r-patched-linux-x86_64 1.0.0 7.61 65.97 73.58 OK
r-release-linux-x86_64 1.0.0 OK
r-release-macos-arm64 1.0.0 OK
r-release-macos-x86_64 1.0.0 OK
r-release-windows-ix86+x86_64 1.0.0 17.00 83.00 100.00 OK
r-oldrel-macos-x86_64 1.0.0 ERROR
r-oldrel-windows-ix86+x86_64 1.0.0 16.00 85.00 101.00 OK

Check Details

Version: 1.0.0
Check: package dependencies
Result: ERROR
    Package required and available but unsuitable version: ‘stats’
    
    See section ‘The DESCRIPTION file’ in the ‘Writing R Extensions’
    manual.
Flavor: r-oldrel-macos-x86_64