CRAN Package Check Results for Package tsfeatures

Last updated on 2022-01-18 06:53:04 CET.

Flavor Version Tinstall Tcheck Ttotal Status Flags
r-devel-linux-x86_64-debian-clang 1.0.2 7.29 112.15 119.44 NOTE
r-devel-linux-x86_64-debian-gcc 1.0.2 6.70 83.82 90.52 NOTE
r-devel-linux-x86_64-fedora-clang 1.0.2 142.04 NOTE
r-devel-linux-x86_64-fedora-gcc 1.0.2 128.77 NOTE
r-devel-windows-x86_64-new-UL 1.0.2 102.00 162.00 264.00 NOTE
r-devel-windows-x86_64-new-TK 1.0.2 NOTE
r-patched-linux-x86_64 1.0.2 7.55 105.26 112.81 NOTE
r-release-linux-x86_64 1.0.2 NOTE
r-release-macos-arm64 1.0.2 NOTE
r-release-macos-x86_64 1.0.2 NOTE
r-release-windows-ix86+x86_64 1.0.2 19.00 125.00 144.00 NOTE
r-oldrel-macos-x86_64 1.0.2 OK
r-oldrel-windows-ix86+x86_64 1.0.2 20.00 125.00 145.00 OK

Check Details

Version: 1.0.2
Check: LazyData
Result: NOTE
     'LazyData' is specified without a 'data' directory
Flavors: r-devel-linux-x86_64-debian-clang, r-devel-linux-x86_64-debian-gcc, r-devel-linux-x86_64-fedora-clang, r-devel-linux-x86_64-fedora-gcc, r-devel-windows-x86_64-new-UL, r-devel-windows-x86_64-new-TK, r-patched-linux-x86_64, r-release-linux-x86_64, r-release-macos-arm64, r-release-macos-x86_64, r-release-windows-ix86+x86_64