Last updated on 2022-08-14 07:54:52 CEST.
Flavor | Version | Tinstall | Tcheck | Ttotal | Status | Flags |
---|---|---|---|---|---|---|
r-devel-linux-x86_64-debian-clang | 0.1-13.1 | 4.87 | 29.42 | 34.29 | OK | |
r-devel-linux-x86_64-debian-gcc | 0.1-13.1 | 3.73 | 22.81 | 26.54 | OK | |
r-devel-linux-x86_64-fedora-clang | 0.1-13.1 | 53.00 | NOTE | |||
r-devel-linux-x86_64-fedora-gcc | 0.1-13.1 | 52.92 | NOTE | |||
r-devel-windows-x86_64 | 0.1-13.1 | 58.00 | 69.00 | 127.00 | OK | |
r-patched-linux-x86_64 | 0.1-13.1 | 4.54 | 28.83 | 33.37 | OK | |
r-release-linux-x86_64 | 0.1-13.1 | 4.38 | 28.85 | 33.23 | OK | |
r-release-macos-arm64 | 0.1-13.1 | 20.00 | OK | |||
r-release-macos-x86_64 | 0.1-13.1 | 24.00 | OK | |||
r-release-windows-x86_64 | 0.1-13.1 | 43.00 | 62.00 | 105.00 | OK | |
r-oldrel-macos-arm64 | 0.1-13.1 | 25.00 | OK | |||
r-oldrel-macos-x86_64 | 0.1-13.1 | 33.00 | OK | |||
r-oldrel-windows-ix86+x86_64 | 0.1-13.1 | 15.00 | 62.00 | 77.00 | OK |
Version: 0.1-13.1
Check: compiled code
Result: NOTE
File ‘tseriesChaos/libs/tseriesChaos.so’:
Found no calls to: ‘R_registerRoutines’, ‘R_useDynamicSymbols’
It is good practice to register native routines and to disable symbol
search.
See ‘Writing portable packages’ in the ‘Writing R Extensions’ manual.
Flavors: r-devel-linux-x86_64-fedora-clang, r-devel-linux-x86_64-fedora-gcc