CRAN Package Check Results for Package trustedtimestamping

Last updated on 2022-08-12 07:53:29 CEST.

Flavor Version Tinstall Tcheck Ttotal Status Flags
r-devel-linux-x86_64-debian-clang 0.2.6 2.02 25.35 27.37 NOTE
r-devel-linux-x86_64-debian-gcc 0.2.6 1.62 19.61 21.23 NOTE
r-devel-linux-x86_64-fedora-clang 0.2.6 43.73 NOTE
r-devel-linux-x86_64-fedora-gcc 0.2.6 44.51 NOTE
r-devel-windows-x86_64 0.2.6 58.00 50.00 108.00 NOTE
r-patched-linux-x86_64 0.2.6 2.47 23.81 26.28 NOTE
r-release-linux-x86_64 0.2.6 2.38 23.89 26.27 NOTE
r-release-macos-arm64 0.2.6 16.00 NOTE
r-release-macos-x86_64 0.2.6 21.00 NOTE
r-release-windows-x86_64 0.2.6 74.00 50.00 124.00 NOTE
r-oldrel-macos-arm64 0.2.6 20.00 NOTE
r-oldrel-macos-x86_64 0.2.6 26.00 NOTE
r-oldrel-windows-ix86+x86_64 0.2.6 7.00 42.00 49.00 NOTE

Check Details

Version: 0.2.6
Check: LazyData
Result: NOTE
     'LazyData' is specified without a 'data' directory
Flavors: r-devel-linux-x86_64-debian-clang, r-devel-linux-x86_64-debian-gcc, r-devel-linux-x86_64-fedora-clang, r-devel-linux-x86_64-fedora-gcc, r-devel-windows-x86_64, r-patched-linux-x86_64, r-release-linux-x86_64, r-release-macos-arm64, r-release-macos-x86_64, r-release-windows-x86_64, r-oldrel-macos-arm64, r-oldrel-macos-x86_64, r-oldrel-windows-ix86+x86_64