CRAN Package Check Results for Package tribe

Last updated on 2022-05-16 07:49:15 CEST.

Flavor Version Tinstall Tcheck Ttotal Status Flags
r-devel-linux-x86_64-debian-clang 0.1.8 4.87 65.71 70.58 NOTE
r-devel-linux-x86_64-debian-gcc 0.1.8 4.19 49.23 53.42 NOTE
r-devel-linux-x86_64-fedora-clang 0.1.8 84.39 NOTE
r-devel-linux-x86_64-fedora-gcc 0.1.8 80.05 NOTE
r-devel-windows-x86_64 0.1.8 15.00 85.00 100.00 NOTE
r-patched-linux-x86_64 0.1.8 4.99 61.53 66.52 NOTE
r-release-linux-x86_64 0.1.8 3.52 60.74 64.26 NOTE
r-release-macos-arm64 0.1.8 24.00 NOTE
r-release-macos-x86_64 0.1.8 46.00 NOTE
r-release-windows-x86_64 0.1.8 19.00 82.00 101.00 NOTE
r-oldrel-macos-arm64 0.1.8 30.00 NOTE
r-oldrel-macos-x86_64 0.1.8 39.00 NOTE
r-oldrel-windows-ix86+x86_64 0.1.8 13.00 79.00 92.00 NOTE

Check Details

Version: 0.1.8
Check: LazyData
Result: NOTE
     'LazyData' is specified without a 'data' directory
Flavors: r-devel-linux-x86_64-debian-clang, r-devel-linux-x86_64-debian-gcc, r-devel-linux-x86_64-fedora-clang, r-devel-linux-x86_64-fedora-gcc, r-devel-windows-x86_64, r-patched-linux-x86_64, r-release-linux-x86_64, r-release-macos-arm64, r-release-macos-x86_64, r-release-windows-x86_64, r-oldrel-macos-arm64, r-oldrel-macos-x86_64, r-oldrel-windows-ix86+x86_64